be h(i). Let o(x) = x + 4. What is o(f)?
7
Let m(n) = -25*n - 107*n - n**2 - n**3 + 133*n + 19. Give m(3).
-14
Let m(j) = 4*j**3 + 9*j**2 - 9*j + 9. Let o(c) = -3*c**3 - 8*c**2 + 8*c - 8. Let d(i) = -2*m(i) - 3*o(i). Let g = 203 - 210. What is d(g)?
-1
Suppose 48 = 12353*h - 12345*h. Let d(q) = -q**2 + q. Let t(s) = 3*s**2 - 7*s. Let b(f) = 2*d(f) + t(f). Give b(h).
6
Let w(p) be the first derivative of p**3/3 + p**2/2 - 135*p + 13374. Give w(0).
-135
Let p(u) = -u**3 + 8*u**2 + 7*u + 12. Suppose 0 = -3*t + 3, 0 = -2*v - 3*v - t + 46. Let l be p(v). Let d(z) = 0*z - 7 - 2*z + 6*z - 6*z. Determine d(l).
5
Let f be -1 + 2 + -3 + 1. Let y(w) = 7*w - 937. Let b(m) = 4*m - 562. Let v(h) = -5*b(h) + 3*y(h). Determine v(f).
-2
Let o(v) = 58*v - 5*v**2 - v**3 + 64*v - 122*v. Suppose 4*y + d + 6 = -10, -4*d = 5*y + 9. Calculate o(y).
0
Let l(q) = q**3 - 3*q**2 - 3*q - 12. Let c = -7110 - -7115. Calculate l(c).
23
Let z(m) be the third derivative of 0 + 7/60*m**5 + 0*m + 11/6*m**3 + 80*m**2 + 1/8*m**4 + 1/120*m**6. Give z(-7).
-10
Suppose 0 = i + 2*k + 6, -1 = -i + 4*k + 17. Let d(r) = -1916*r**i + 0 + 1922*r**2 + 4 - r**3 + 0*r**3 - r. Give d(6).
-2
Let o(s) = 5*s**2 + 2*s - 1. Let v be o(1). Suppose 4*y + 2*j - 10 = 0, 4*j + 2 + 2 = 0. Let q(d) = 6*d - 6 - 8*d**2 + 5*d**2 - d**2 + y*d**2. Give q(v).
-6
Let m = -348 + 322. Let d be m/((-5)/10*6 - -5). Let v(a) = a + 15. Give v(d).
2
Let u(o) = -58*o + 177. Suppose -23*c + 33 = -15*c + 3*c. Give u(c).
3
Let g(z) = 0*z**3 + 10 - 9*z**2 + z**3 - z - 3*z**2. Let a(i) = i**3 + 68*i**2 + 513*i - 150. Let o be a(-9). Determine g(o).
-2
Let k(x) = -x - 4. Let q be 110/132 - (-46)/(-12). Let p be -5*q/(-9) + (-1)/3. What is k(p)?
-2
Suppose -2 = -3*l + 1. Let w(f) be the second derivative of 5*f**3/3 + f**2/2 - 19167*f. Give w(l).
11
Suppose -4*o + 5*y - 4*y - 35 = 0, 5*o - 2*y = -46. Let m(c) = -65*c - 5 + 62*c + 14. Let j(v) = -7*v + 19. Let g(s) = 6*j(s) - 13*m(s). Determine g(o).
21
Let d(s) = -s**2 - 6*s + 12. Let h be -16 + (5/(-7))/(261/(-63) + 4). Calculate d(h).
-43
Let d = 25258 - 25261. Let i(h) = -17*h - 48. Determine i(d).
3
Let y(g) = 27*g + 298. Suppose 6*d = -2*l - 60, -3*l + 2*l + 36 = -3*d. Let b be y(d). Let r(n) = -4*n**2 + 2*n. What is r(b)?
-2
Let h(j) = j**3 - 13*j**2 - 1. Suppose -667*l - 1248 = -675*l. Suppose -7*s = 5*s - l. What is h(s)?
-1
Suppose 39*z - 22 = 3*z + 518. Let i(k) = -k**3 + 16*k**2 - 12*k - 9. Determine i(z).
36
Suppose 5*b - 1 - 63 = -w, -b + 3*w = -16. Let u(x) = -26*x + 4 + 18*x + b + 23*x + x**2. What is u(-13)?
-9
Let d(i) = i**3 - i**2 + 5*i - 13. Suppose -2*g - 14 = 0, 25*q - 24*q + 117 = -17*g. What is d(q)?
1
Let o = 19922 - 19931. Let h(l) = l**2 - l - 1. Let b(q) = -3*q**2 - 7*q - 7. Let g(v) = b(v) + 2*h(v). Give g(o).
-9
Let p be 1*2*574/(-28). Let h = -52 - p. Let u = h - -8. Let g(i) = i**3 + i**2 - 3*i + 1. Determine g(u).
-8
Let m(z) = 2 + 7*z**2 + z**3 + 4*z - 4*z + z. Let n be (0 - -2) + 14/21*-3. Let h be (n - 6) + (1 - (-7 + 9)). Calculate m(h).
-5
Suppose -3 = -y + 3*c - 5, -3*y - 5*c + 22 = 0. Let r(d) = 2*d + 4 - 2 + 2*d. What is r(y)?
18
Let h(v) be the third derivative of -v**6/120 + 2*v**5/15 + v**4/8 - 17*v**3/6 - 198*v**2 - 3*v. What is h(8)?
7
Let v = 515 + -379. Suppose -135*n - 2 = -v*n. Let h(m) = -2*m**3 + 3*m**2 - m. Give h(n).
-6
Let r(v) = -v**3 - 5. Let l(q) = 8*q**3 - 3*q**2 + 7*q + 38. Let x(b) = -l(b) - 7*r(b). Calculate x(4).
-47
Let z(r) = r**2 - r + 2. Let f(o) = o**3 - 19*o**2 - 26*o + 125. Let a be f(20). Let d be (-42)/(-30)*a + -5. Calculate z(d).
4
Let s(i) = -5*i + 23. Let z(x) = x - 2. Let a(w) = s(w) + 6*z(w). What is a(-21)?
-10
Let d(y) be the first derivative of -y**5/20 + 7*y**4/12 + 7*y**3/6 + 3*y**2/2 - 94*y + 37. Let a(l) be the first derivative of d(l). What is a(8)?
-5
Suppose -4*x + 49*k = 53*k + 172, 0 = 3*x + 4*k + 122. Let w(r) = -3*r - 147. Give w(x).
3
Let f be (-140)/(-100) - (-2 - 7/(-5)). Let y(t) = -344*t**f + 173*t**2 + 170*t**2 - 7*t - 6. Calculate y(-5).
4
Let f(i) = i**2 - 2*i - 19. Suppose -2*l - 2 = 2*w, 14*l + 3*w = 16*l + 12. Calculate f(l).
-4
Let n = -52 - -54. Suppose 0 = 2*z + n*b - 6, -5*b = -3*z + 5*z. Let m(j) = -6 - 2 - 5 - z*j + 12. Determine m(2).
-11
Let m(d) = -2*d + 2. Let f be 0 + -1 + -1 - (10 + -11 - -3). What is m(f)?
10
Let g(t) = -t**2 - 7*t + 2. Suppose -85 = 96*h - 113*h. Let f = -49 - -79. Suppose -f = h*d - 0. Give g(d).
8
Let i(v) = 4*v**2 - 2*v - 8. Let u(m) = -m**2 + 94*m - 1122. Let f be u(14). Determine i(f).
12
Let t(i) = -17*i + 80*i - 18*i - 24*i + 3 - 22*i. Suppose 2*b - 2*f - 12 = 0, 8*b + 3*f + 4 = 9*b. What is t(b)?
-4
Let o(i) = 21*i + 219 - 44 + i**2 - 70. Give o(-11).
-5
Let h(o) = -3*o**3 + 8*o**2 + 9*o - 38. Let n(f) = -7*f**3 + 17*f**2 + 20*f - 85. Let r(i) = 9*h(i) - 4*n(i). Let w(q) = q - 1. Let k be w(-2). Calculate r(k).
4
Suppose -h + 65 = 4*h. Suppose -43 = -2*v - 13. Let z(o) = -v + 3 - o + h. Determine z(2).
-1
Let o(m) = -6 + 6*m + 3401*m**2 + 3443*m**2 - 6845*m**2. Let b(u) = -2*u. Let t be b(-3). Determine o(t).
-6
Suppose 0 = -32*l + 38*l - 66. Suppose l = -14*s + 109. Let p(d) be the third derivative of -d**6/120 + 7*d**5/60 + d**4/24 - 4*d**3/3 + 2*d**2. Give p(s).
-1
Let t be (457/9 - (-4)/18) + 0. Suppose t - 61 = -5*w. Let r(o) = 38*o + o**w + 9 - 78*o + 33*o. What is r(8)?
17
Suppose -2*p - 3*p = 70. Let q = -19 - p. Let d(b) be the first derivative of b**3/3 + 5*b**2/2 + 5*b + 525. Determine d(q).
5
Let x(d) = 8*d + 5. Suppose -2*y + 2 = 5*i, -2*y - 64*i + 62*i = -2. Let s(c) = 5*c + 1. Let q(r) = y*x(r) - 2*s(r). Give q(-3).
9
Let a = -503 + 482. Let o be (-9)/a*(4 - -3). Let n(j) = j**3 + j**2 - 4*j. Determine n(o).
24
Let j(u) = -73*u**2 + 4*u - 18. Let s(i) = 40*i**2 + i - 1. Let c(q) = -j(q) - 2*s(q). Give c(4).
-116
Let f(m) be the first derivative of m**3 + m**2/2 - m + 416. Calculate f(3).
29
Let r(j) = -j - 18. Suppose 3*o - 943 + 886 = 0. Determine r(o).
-37
Let k = -776 - -776. Suppose l = -h + 7, -2*l + 4*l + h - 11 = k. Let u(x) = x**3 - 4*x**2 - 4. What is u(l)?
-4
Suppose 36*p + 2345 - 2273 = 0. Let z(u) = -3*u**2 - 2*u + 2. Give z(p).
-6
Let r(c) = -c - 1. Let d be r(6). Suppose 120 + 204 = 4*k. Let u(s) = -k*s**2 + s**3 - 2*s + 87*s**2 - 8*s + 2. Calculate u(d).
23
Let z(w) = 3*w - 4 - 3 + 0 - 3. Let q(a) = -a**2 + 20*a - 93. Let u be q(10). Calculate z(u).
11
Let c(t) = t**3 - 10*t**2 - 18*t + 11. Let g be c(12). Suppose -5*q + 62 = 3*v, 0*q - 5*q = 4*v - 76. Let x(j) = g*j - 91*j - j**2 + v - 5. What is x(-8)?
9
Let d(t) = t - 1. Let c(l) = l**2 + 7*l - 4. Let k(w) = c(w) + 3*d(w). Let b = -13498 - -13490. What is k(b)?
-23
Let q = 5 - 0. Suppose -6*c = -c + q. Let i(k) = -3*k**2 - k. Let d(j) = j**2 + j + 1. Let s(a) = -d(a) + i(a). Calculate s(c).
-3
Let q(b) = 19*b**2 - 15*b - 49. Let c(w) = -22*w**2 + 15*w + 50. Let j(s) = -6*c(s) - 7*q(s). Determine j(18).
-11
Let h(y) be the third derivative of -y**6/60 + y**5/12 - y**4/4 + y**3/2 + 43*y**2. What is h(2)?
-5
Let d(u) = 3*u**3 + u**2 + u + 94. Let s(h) = 2*h**3 + 4*h**2 - h + 93. Let m(i) = 3*d(i) - 4*s(i). Calculate m(13).
1
Let r(v) = 2*v - 2. Let y(o) = 2*o**2 + 11*o + 11. Let g be y(-5). Let n be (-6)/3 - (g + 0 + -1). Determine r(n).
-16
Let a be 20 - (8/(-5))/(86/(-215)). Let x(m) = m - 20. Let z be x(a). Let u(i) = 2*i**2 + 6*i + 1. What is u(z)?
9
Suppose -37*g + 5480 = -33*g. Let q(h) = 10*h**3 - h - g + 1370 + h**2. What is q(1)?
10
Let r be ((-12 - -12)/13)/3. Let t(m) = -m**2 - 5*m + 4. Give t(r).
4
Let g be 2/(-7) + 26/(-7). Let n(d) = d**3 - 3*d**2 - 8*d + 41. Let z(v) = v**3 + v**2 - 2*v + 21. Let t(q) = n(q) - 2*z(q). Determine t(g).
-1
Suppose 4*f - 3*x = 8, -4*f - 3*x = -5 - 27. Suppose -4*o = -f*o - 2. Let b = o + 5. Let m(j) = -j**3 + 5*j**2 - j - 4. Calculate m(b).
11
Let l(z) = -2*z**2 + z + 1. Let u be l(1). Let k(h) be the third derivative of 26*h**2 + 0 + 1/6*h**3 + u*h + 1/8*h**4. Calculate k(-1).
-2
Let l = 8195 + -8193. Let q(s) be the third derivative of 0*s**5 + 1/6*s**3 + 17/120*s**6 + 2*s**l + 1/24*s**4 + 0 - 19*s. Calculate q(-1).
-17
Let x(r) = -6*r**2 - r + 1. Let f(a) = a**3 - 7*a**2 + 2. Suppose -148*t + 139*t = -27. Let w(s) = t*x(s) - 2*f(s). Let l be 3 + 0 + (-5 - 0). What is w(l)?
5
Let b(l) = -13*l - 54. Suppose 